{"id":365,"date":"2015-08-21T08:28:32","date_gmt":"2015-08-21T08:28:32","guid":{"rendered":"http:\/\/www.samurai-graben-neudorf.de\/?page_id=365"},"modified":"2023-09-21T18:03:52","modified_gmt":"2023-09-21T16:03:52","slug":"seniorensport","status":"publish","type":"page","link":"https:\/\/www.samurai-graben-neudorf.de\/?page_id=365","title":{"rendered":"Seniorensport"},"content":{"rendered":"<p><strong>Sitzgymnastik<\/strong><br \/>\n<a href=\"http:\/\/www.samurai-graben-neudorf.de\/wp-content\/uploads\/2015\/08\/Illustration-Reha1.jpg\"><img decoding=\"async\" loading=\"lazy\" class=\"aligncenter size-full wp-image-2431\" title=\"Illustration Reha\" src=\"http:\/\/www.samurai-graben-neudorf.de\/wp-content\/uploads\/2015\/08\/Illustration-Reha1.jpg\" alt=\"\" width=\"695\" height=\"497\" \/><\/a>Vieles macht zusammen mehr Spa\u00df als alleine!<\/p>\n<p>Wie w\u00e4re es, sich mit Bekannten zu treffen oder neue Bekanntschaften zu schlie\u00dfen?<br \/>\n<strong>Unsere Sitzgymnastikgruppe trifft sich immer:<\/strong><\/p>\n<p><strong>Montag<\/strong><br \/>\n11.00 &#8211; 12.00 Uhr<\/p>\n<p><strong>Dienstag<br \/>\n<\/strong>15.45 &#8211; 16.45 Uhr<\/p>\n<p><strong>Mittwoch<\/strong><br \/>\n14.30 &#8211; 15.15 Uhr<\/p>\n<p><strong>Donnerstag<\/strong><br \/>\n10.00 &#8211; 11.00 Uhr<\/p>\n<p>F\u00fcr weitere Informationen anrufen bei Rolf Vogel 07255 \/ 71 87 888<\/p>\n","protected":false},"excerpt":{"rendered":"<p>Sitzgymnastik Vieles macht zusammen mehr Spa\u00df als alleine! Wie w\u00e4re es, sich mit Bekannten zu treffen oder neue Bekanntschaften zu schlie\u00dfen? Unsere Sitzgymnastikgruppe trifft sich immer: Montag 11.00 &#8211; 12.00 Uhr Dienstag 15.45 &#8211; 16.45 Uhr Mittwoch 14.30 &#8211; 15.15 &hellip; <a href=\"https:\/\/www.samurai-graben-neudorf.de\/?page_id=365\">Weiterlesen <span class=\"meta-nav\">&rarr;<\/span><\/a><\/p>\n","protected":false},"author":1,"featured_media":1285,"parent":0,"menu_order":0,"comment_status":"closed","ping_status":"open","template":"","meta":[],"_links":{"self":[{"href":"https:\/\/www.samurai-graben-neudorf.de\/index.php?rest_route=\/wp\/v2\/pages\/365"}],"collection":[{"href":"https:\/\/www.samurai-graben-neudorf.de\/index.php?rest_route=\/wp\/v2\/pages"}],"about":[{"href":"https:\/\/www.samurai-graben-neudorf.de\/index.php?rest_route=\/wp\/v2\/types\/page"}],"author":[{"embeddable":true,"href":"https:\/\/www.samurai-graben-neudorf.de\/index.php?rest_route=\/wp\/v2\/users\/1"}],"replies":[{"embeddable":true,"href":"https:\/\/www.samurai-graben-neudorf.de\/index.php?rest_route=%2Fwp%2Fv2%2Fcomments&post=365"}],"version-history":[{"count":20,"href":"https:\/\/www.samurai-graben-neudorf.de\/index.php?rest_route=\/wp\/v2\/pages\/365\/revisions"}],"predecessor-version":[{"id":2835,"href":"https:\/\/www.samurai-graben-neudorf.de\/index.php?rest_route=\/wp\/v2\/pages\/365\/revisions\/2835"}],"wp:featuredmedia":[{"embeddable":true,"href":"https:\/\/www.samurai-graben-neudorf.de\/index.php?rest_route=\/wp\/v2\/media\/1285"}],"wp:attachment":[{"href":"https:\/\/www.samurai-graben-neudorf.de\/index.php?rest_route=%2Fwp%2Fv2%2Fmedia&parent=365"}],"curies":[{"name":"wp","href":"https:\/\/api.w.org\/{rel}","templated":true}]}}